[INFO] cloning repository https://github.com/sirkibsirkib/axial_2018
[INFO] running `Command { std: "git" "-c" "credential.helper=" "-c" "credential.helper=/workspace/cargo-home/bin/git-credential-null" "clone" "--bare" "https://github.com/sirkibsirkib/axial_2018" "/workspace/cache/git-repos/https%3A%2F%2Fgithub.com%2Fsirkibsirkib%2Faxial_2018", kill_on_drop: false }`
[INFO] [stderr] Cloning into bare repository '/workspace/cache/git-repos/https%3A%2F%2Fgithub.com%2Fsirkibsirkib%2Faxial_2018'...
[INFO] running `Command { std: "git" "rev-parse" "HEAD", kill_on_drop: false }`
[INFO] [stdout] 00bbb17ed13045537588abbda04656fd0f2a34e2
[INFO] checking sirkibsirkib/axial_2018 against master#af3c6e733a40e671550e0f0f5aeecaa13772ba56 for pr-74989
[INFO] running `Command { std: "git" "clone" "/workspace/cache/git-repos/https%3A%2F%2Fgithub.com%2Fsirkibsirkib%2Faxial_2018" "/workspace/builds/worker-6/source", kill_on_drop: false }`
[INFO] [stderr] Cloning into '/workspace/builds/worker-6/source'...
[INFO] [stderr] done.
[INFO] validating manifest of git repo https://github.com/sirkibsirkib/axial_2018 on toolchain af3c6e733a40e671550e0f0f5aeecaa13772ba56
[INFO] running `Command { std: "/workspace/cargo-home/bin/cargo" "+af3c6e733a40e671550e0f0f5aeecaa13772ba56" "read-manifest" "--manifest-path" "Cargo.toml", kill_on_drop: false }`
[INFO] started tweaking git repo https://github.com/sirkibsirkib/axial_2018
[INFO] finished tweaking git repo https://github.com/sirkibsirkib/axial_2018
[INFO] tweaked toml for git repo https://github.com/sirkibsirkib/axial_2018 written to /workspace/builds/worker-6/source/Cargo.toml
[INFO] crate git repo https://github.com/sirkibsirkib/axial_2018 already has a lockfile, it will not be regenerated
[INFO] running `Command { std: "/workspace/cargo-home/bin/cargo" "+af3c6e733a40e671550e0f0f5aeecaa13772ba56" "fetch" "--locked" "--manifest-path" "Cargo.toml", kill_on_drop: false }`
[INFO] running `Command { std: "docker" "create" "-v" "/var/lib/crater-agent-workspace/builds/worker-6/target:/opt/rustwide/target:rw,Z" "-v" "/var/lib/crater-agent-workspace/builds/worker-6/source:/opt/rustwide/workdir:ro,Z" "-v" "/var/lib/crater-agent-workspace/cargo-home:/opt/rustwide/cargo-home:ro,Z" "-v" "/var/lib/crater-agent-workspace/rustup-home:/opt/rustwide/rustup-home:ro,Z" "-e" "SOURCE_DIR=/opt/rustwide/workdir" "-e" "CARGO_TARGET_DIR=/opt/rustwide/target" "-e" "CARGO_HOME=/opt/rustwide/cargo-home" "-e" "RUSTUP_HOME=/opt/rustwide/rustup-home" "-w" "/opt/rustwide/workdir" "-m" "1610612736" "--user" "0:0" "--network" "none" "rustops/crates-build-env@sha256:d92eaeed33fa75130ca1ee6c8a01d1ffb62bac859dfdfb3450e3e5d1c0146529" "/opt/rustwide/cargo-home/bin/cargo" "+af3c6e733a40e671550e0f0f5aeecaa13772ba56" "metadata" "--no-deps" "--format-version=1", kill_on_drop: false }`
[INFO] [stdout] 20324922a45970877ce930c76c72c59c162d9469a6868a78a904c5ea66337773
[INFO] [stderr] WARNING: Your kernel does not support swap limit capabilities or the cgroup is not mounted. Memory limited without swap.
[INFO] running `Command { std: "docker" "start" "-a" "20324922a45970877ce930c76c72c59c162d9469a6868a78a904c5ea66337773", kill_on_drop: false }`
[INFO] running `Command { std: "docker" "inspect" "20324922a45970877ce930c76c72c59c162d9469a6868a78a904c5ea66337773", kill_on_drop: false }`
[INFO] running `Command { std: "docker" "rm" "-f" "20324922a45970877ce930c76c72c59c162d9469a6868a78a904c5ea66337773", kill_on_drop: false }`
[INFO] [stdout] 20324922a45970877ce930c76c72c59c162d9469a6868a78a904c5ea66337773
[INFO] running `Command { std: "docker" "create" "-v" "/var/lib/crater-agent-workspace/builds/worker-6/target:/opt/rustwide/target:rw,Z" "-v" "/var/lib/crater-agent-workspace/builds/worker-6/source:/opt/rustwide/workdir:ro,Z" "-v" "/var/lib/crater-agent-workspace/cargo-home:/opt/rustwide/cargo-home:ro,Z" "-v" "/var/lib/crater-agent-workspace/rustup-home:/opt/rustwide/rustup-home:ro,Z" "-e" "SOURCE_DIR=/opt/rustwide/workdir" "-e" "CARGO_TARGET_DIR=/opt/rustwide/target" "-e" "CARGO_INCREMENTAL=0" "-e" "RUST_BACKTRACE=full" "-e" "RUSTFLAGS=--cap-lints=forbid" "-e" "CARGO_HOME=/opt/rustwide/cargo-home" "-e" "RUSTUP_HOME=/opt/rustwide/rustup-home" "-w" "/opt/rustwide/workdir" "-m" "1610612736" "--user" "0:0" "--network" "none" "rustops/crates-build-env@sha256:d92eaeed33fa75130ca1ee6c8a01d1ffb62bac859dfdfb3450e3e5d1c0146529" "/opt/rustwide/cargo-home/bin/cargo" "+af3c6e733a40e671550e0f0f5aeecaa13772ba56" "check" "--frozen" "--all" "--all-targets" "--message-format=json", kill_on_drop: false }`
[INFO] [stderr] WARNING: Your kernel does not support swap limit capabilities or the cgroup is not mounted. Memory limited without swap.
[INFO] [stdout] 3bbf8f89c6c25c90a405f0b9d27834e1f76aa8813e2491600e2373bdc1e26661
[INFO] running `Command { std: "docker" "start" "-a" "3bbf8f89c6c25c90a405f0b9d27834e1f76aa8813e2491600e2373bdc1e26661", kill_on_drop: false }`
[INFO] [stderr]     Checking axial_2018 v0.1.0 (/opt/rustwide/workdir)
[INFO] [stdout] error: unexpected token: `...`
[INFO] [stdout]    --> src/channels.rs:133:37
[INFO] [stdout]     |
[INFO] [stdout] 133 |         let w_m: WrappedMessage<M> = read(...);
[INFO] [stdout]     |                                           ^^^
[INFO] [stdout]     |
[INFO] [stdout] help: use `..` for an exclusive range
[INFO] [stdout]     |
[INFO] [stdout] 133 |         let w_m: WrappedMessage<M> = read(..);
[INFO] [stdout]     |                                           ^^
[INFO] [stdout] help: or `..=` for an inclusive range
[INFO] [stdout]     |
[INFO] [stdout] 133 |         let w_m: WrappedMessage<M> = read(..=);
[INFO] [stdout]     |                                           ^^^
[INFO] [stdout] 
[INFO] [stdout] 
[INFO] [stdout] error[E0586]: inclusive range with no end
[INFO] [stdout]    --> src/channels.rs:133:37
[INFO] [stdout]     |
[INFO] [stdout] 133 |         let w_m: WrappedMessage<M> = read(...);
[INFO] [stdout]     |                                           ^^^ help: use `..` instead
[INFO] [stdout]     |
[INFO] [stdout]     = note: inclusive ranges must be bounded at the end (`..=b` or `a..=b`)
[INFO] [stdout] 
[INFO] [stdout] 
[INFO] [stdout] error: unexpected token: `...`
[INFO] [stdout]    --> src/channels.rs:133:37
[INFO] [stdout]     |
[INFO] [stdout] 133 |         let w_m: WrappedMessage<M> = read(...);
[INFO] [stdout]     |                                           ^^^
[INFO] [stdout]     |
[INFO] [stdout] help: use `..` for an exclusive range
[INFO] [stdout]     |
[INFO] [stdout] 133 |         let w_m: WrappedMessage<M> = read(..);
[INFO] [stdout]     |                                           ^^
[INFO] [stdout] help: or `..=` for an inclusive range
[INFO] [stdout]     |
[INFO] [stdout] 133 |         let w_m: WrappedMessage<M> = read(..=);
[INFO] [stdout]     |                                           ^^^
[INFO] [stdout] 
[INFO] [stdout] 
[INFO] [stdout] error[E0586]: inclusive range with no end
[INFO] [stdout]    --> src/channels.rs:133:37
[INFO] [stdout]     |
[INFO] [stdout] 133 |         let w_m: WrappedMessage<M> = read(...);
[INFO] [stdout]     |                                           ^^^ help: use `..` instead
[INFO] [stdout]     |
[INFO] [stdout]     = note: inclusive ranges must be bounded at the end (`..=b` or `a..=b`)
[INFO] [stdout] 
[INFO] [stdout] 
[INFO] [stdout] error[E0433]: failed to resolve: use of undeclared type or module `C`
[INFO] [stdout]    --> src/channels.rs:215:16
[INFO] [stdout]     |
[INFO] [stdout] 215 |             next_clock: C::first(),
[INFO] [stdout]     |                         ^ use of undeclared type or module `C`
[INFO] [stdout] 
[INFO] [stdout] 
[INFO] [stdout] error[E0425]: cannot find function `read` in this scope
[INFO] [stdout]    --> src/channels.rs:133:32
[INFO] [stdout]     |
[INFO] [stdout] 133 |         let w_m: WrappedMessage<M> = read(...);
[INFO] [stdout]     |                                      ^^^^ not found in this scope
[INFO] [stdout]     |
[INFO] [stdout] help: consider importing one of these items
[INFO] [stdout]     |
[INFO] [stdout] 1   | use std::fs::read;
[INFO] [stdout]     |
[INFO] [stdout] 1   | use std::ptr::read;
[INFO] [stdout]     |
[INFO] [stdout] 
[INFO] [stdout] 
[INFO] [stdout] error[E0433]: failed to resolve: use of undeclared type or module `C`
[INFO] [stdout]    --> src/channels.rs:215:16
[INFO] [stdout]     |
[INFO] [stdout] 215 |             next_clock: C::first(),
[INFO] [stdout]     |                         ^ use of undeclared type or module `C`
[INFO] [stdout] 
[INFO] [stdout] 
[INFO] [stdout] error[E0425]: cannot find function `read` in this scope
[INFO] [stdout]    --> src/channels.rs:133:32
[INFO] [stdout]     |
[INFO] [stdout] 133 |         let w_m: WrappedMessage<M> = read(...);
[INFO] [stdout]     |                                      ^^^^ not found in this scope
[INFO] [stdout]     |
[INFO] [stdout] help: consider importing one of these items
[INFO] [stdout]     |
[INFO] [stdout] 1   | use std::fs::read;
[INFO] [stdout]     |
[INFO] [stdout] 1   | use std::ptr::read;
[INFO] [stdout]     |
[INFO] [stdout] 
[INFO] [stdout] 
[INFO] [stdout] warning: unused import: `HashSet`
[INFO] [stdout]  --> src/channels.rs:2:36
[INFO] [stdout]   |
[INFO] [stdout] 2 | use std::collections::{BinaryHeap, HashSet, HashMap};
[INFO] [stdout]   |                                    ^^^^^^^
[INFO] [stdout]   |
[INFO] [stdout]   = note: `#[warn(unused_imports)]` on by default
[INFO] [stdout] 
[INFO] [stdout] 
[INFO] [stdout] warning: unused import: `std::time::Duration`
[INFO] [stdout]  --> src/channels.rs:3:5
[INFO] [stdout]   |
[INFO] [stdout] 3 | use std::time::Duration;
[INFO] [stdout]   |     ^^^^^^^^^^^^^^^^^^^
[INFO] [stdout] 
[INFO] [stdout] 
[INFO] [stdout] error[E0107]: wrong number of type arguments: expected 1, found 0
[INFO] [stdout]    --> src/channels.rs:103:21
[INFO] [stdout]     |
[INFO] [stdout] 103 | impl PartialOrd for WaitingMessage {
[INFO] [stdout]     |                     ^^^^^^^^^^^^^^ expected 1 type argument
[INFO] [stdout] 
[INFO] [stdout] 
[INFO] [stdout] error[E0107]: wrong number of type arguments: expected 1, found 0
[INFO] [stdout]    --> src/channels.rs:127:31
[INFO] [stdout]     |
[INFO] [stdout] 127 |     waiting_messages: BinaryHeap<WaitingMessage>,
[INFO] [stdout]     |                                  ^^^^^^^^^^^^^^ expected 1 type argument
[INFO] [stdout] 
[INFO] [stdout] 
[INFO] [stdout] error: aborting due to 6 previous errors; 2 warnings emitted
[INFO] [stdout] 
[INFO] [stdout] 
[INFO] [stdout] Some errors have detailed explanations: E0107, E0425, E0433, E0586.
[INFO] [stdout] 
[INFO] [stdout] For more information about an error, try `rustc --explain E0107`.
[INFO] [stdout] 
[INFO] [stderr] error: could not compile `axial_2018`.
[INFO] [stdout] warning: unused import: `HashSet`
[INFO] [stdout]  --> src/channels.rs:2:36
[INFO] [stdout]   |
[INFO] [stdout] 2 | use std::collections::{BinaryHeap, HashSet, HashMap};
[INFO] [stdout]   |                                    ^^^^^^^
[INFO] [stdout]   |
[INFO] [stdout]   = note: `#[warn(unused_imports)]` on by default
[INFO] [stdout] 
[INFO] [stdout] 
[INFO] [stderr] 
[INFO] [stdout] warning: unused import: `std::time::Duration`
[INFO] [stdout]  --> src/channels.rs:3:5
[INFO] [stdout]   |
[INFO] [stdout] 3 | use std::time::Duration;
[INFO] [stdout]   |     ^^^^^^^^^^^^^^^^^^^
[INFO] [stdout] 
[INFO] [stdout] 
[INFO] [stderr] To learn more, run the command again with --verbose.
[INFO] [stdout] error[E0107]: wrong number of type arguments: expected 1, found 0
[INFO] [stdout]    --> src/channels.rs:103:21
[INFO] [stdout]     |
[INFO] [stdout] 103 | impl PartialOrd for WaitingMessage {
[INFO] [stdout]     |                     ^^^^^^^^^^^^^^ expected 1 type argument
[INFO] [stdout] 
[INFO] [stdout] 
[INFO] [stderr] warning: build failed, waiting for other jobs to finish...
[INFO] [stdout] error[E0107]: wrong number of type arguments: expected 1, found 0
[INFO] [stdout]    --> src/channels.rs:127:31
[INFO] [stdout]     |
[INFO] [stdout] 127 |     waiting_messages: BinaryHeap<WaitingMessage>,
[INFO] [stdout]     |                                  ^^^^^^^^^^^^^^ expected 1 type argument
[INFO] [stdout] 
[INFO] [stdout] 
[INFO] [stderr] error: build failed
[INFO] [stdout] error: aborting due to 6 previous errors; 2 warnings emitted
[INFO] [stdout] 
[INFO] [stdout] 
[INFO] [stdout] Some errors have detailed explanations: E0107, E0425, E0433, E0586.
[INFO] [stdout] 
[INFO] [stdout] For more information about an error, try `rustc --explain E0107`.
[INFO] [stdout] 
[INFO] running `Command { std: "docker" "inspect" "3bbf8f89c6c25c90a405f0b9d27834e1f76aa8813e2491600e2373bdc1e26661", kill_on_drop: false }`
[INFO] running `Command { std: "docker" "rm" "-f" "3bbf8f89c6c25c90a405f0b9d27834e1f76aa8813e2491600e2373bdc1e26661", kill_on_drop: false }`
[INFO] [stdout] 3bbf8f89c6c25c90a405f0b9d27834e1f76aa8813e2491600e2373bdc1e26661
